{"id":12280,"date":"2016-05-24T14:16:23","date_gmt":"2016-05-24T14:16:23","guid":{"rendered":"https:\/\/fundacionequipohumano.es\/politica-de-proteccion-del-menor-fundacion-equipo-humano\/"},"modified":"2016-05-24T14:16:23","modified_gmt":"2016-05-24T14:16:23","slug":"politica-de-proteccion-del-menor-fundacion-equipo-humano","status":"publish","type":"page","link":"https:\/\/fundacionequipohumano.es\/politica-de-proteccion-del-menor-fundacion-equipo-humano\/","title":{"rendered":"Pol\u00edtica de protecci\u00f3n del menor \u2013 Fundaci\u00f3n Equipo Humano"},"content":{"rendered":"<p style=\"font-size: 12.16px; line-height: 15.808px;\">La Fundaci\u00f3n Equipo Humano es una entidad comprometida en el campo de la educaci\u00f3n, que es primordial para la integraci\u00f3n social adecuada del ni\u00f1o. Por eso promueve y participa en iniciativas de fomento de la educaci\u00f3n, a nivel local, regional y nacional, pero tambi\u00e9n mediante la participaci\u00f3n en programas europeos de educaci\u00f3n, como Erasmus +, en acuerdo con la estrategia Educaci\u00f3n y Formaci\u00f3n 2020 (ET2020). En este contexto, la Fundaci\u00f3n Equipo Humano es susceptible de poner en marcha actividades en interacci\u00f3n con menores.<\/p>\n<p style=\"font-size: 12.16px; line-height: 15.808px;\">Cualquiera que participe en actividades de la Fundaci\u00f3n Equipo Humano debe poder hacerlo de manera agradable y segura. La Fundaci\u00f3n Equipo Humano tiene la obligaci\u00f3n moral y legal de garantizar la calidad de este entorno, especialmente trat\u00e1ndose de gestionar un p\u00fablico de personas menores de edad.<\/p>\n<p style=\"font-size: 12.16px; line-height: 15.808px;\">La Fundaci\u00f3n Equipo Humano se compromete en poner en marcha una pol\u00edtica y actuaciones que permiten prevenir la seguridad de los ni\u00f1os, incluyendo seguir los procedimientos de protecci\u00f3n del menor en cuanto a informar de cualquier inquietud sobre su bienestar a las autoridades competentes.<\/p>\n<p style=\"font-size: 12.16px; line-height: 15.808px;\">El objetivo de esta pol\u00edtica es la promoci\u00f3n de buenas pr\u00e1cticas y garantizar la protecci\u00f3n y seguridad de los menores mientras est\u00e1n bajo la responsabilidad de la fundaci\u00f3n.<\/p>\n<p style=\"font-size: 12.16px; line-height: 15.808px;\">Existen muchos tipos de abusos y violencias en nuestro mundo, enumerados por organismos como las naciones unidas y UNICEF (como los abusos f\u00edsicos, sexuales, emocionales, pr\u00e1cticas culturales que niegan los derechos de los ni\u00f1os o explotaci\u00f3n laboral). FEH se referir\u00e1 a varios textos para aplicar su pol\u00edtica en respetos de los convenios y recomendaciones internacionales:<\/p>\n<p style=\"font-size: 12.16px; line-height: 15.808px;\">La Declaraci\u00f3n de Derechos del Ni\u00f1o de las naciones unidas;<\/p>\n<p style=\"font-size: 12.16px; line-height: 15.808px;\">La Convenci\u00f3n sobre los Derechos del Ni\u00f1o (CDN)&nbsp;<\/p>\n<p style=\"font-size: 12.16px; line-height: 15.808px;\">La Carta europea sobre los Derechos del Ni\u00f1o<\/p>\n<p style=\"font-size: 12.16px; line-height: 15.808px;\">La Ley Org\u00e1nica espa\u00f1ola de Protecci\u00f3n Jur\u00eddica del Menor<\/p>\n<p style=\"font-size: 12.16px; line-height: 15.808px;\">Tambi\u00e9n, las personas que forman el equipo de trabajo de la Fundaci\u00f3n Equipo Humano se comprometen a:<\/p>\n<ul style=\"font-size: 12.16px; line-height: 15.808px;\">\n<li>Tratar a todos los ni\u00f1os y las ni\u00f1as con respecto y dignidad,<\/li>\n<li>Escuchar a las ni\u00f1as y los ni\u00f1os,<\/li>\n<li>Ser informados y sensibles sobre la cuesti\u00f3n de los derechos de los menores<\/li>\n<li>Aplicar las buenas pr\u00e1cticas en materia de protecci\u00f3n del menor y no cometer ning\u00fan tipo de abuso sobre su persona.<\/li>\n<li>Prevenir situaciones que puedan perjudicar al desarrollo personal del menor<\/li>\n<li>Informar de cualquier sospecha de abuso del cual el menor podr\u00eda ser victima<\/li>\n<li>Ser cauteloso en el lenguaje verbal y no verbal empleado con los ni\u00f1os<\/li>\n<li>Pedir permiso de un ni\u00f1o y de sus padres para tomar una fotograf\u00eda o hacer una grabaci\u00f3n<\/li>\n<li>Detener cualquier interacci\u00f3n con un menor si este lo solicita o parece incomodo con la interacci\u00f3n<\/li>\n<li>Tener una vigilancia particular en cuanto a los peligros potenciales de la nuevas tecnolog\u00edas y la cybercriminalidad para los ni\u00f1os<\/li>\n<li>Promover la participaci\u00f3n y solidaridad social<\/li>\n<\/ul>\n<p style=\"font-size: 12.16px; line-height: 15.808px;\">De la misma forma, se espera que cualquier individuo que participe a una actividad de la Fundaci\u00f3n Equipo Humano en contacto con menores se someta a estos principios.&nbsp;<\/p>","protected":false},"excerpt":{"rendered":"<p>La Fundaci\u00f3n Equipo Humano es una entidad comprometida en el campo de la educaci\u00f3n, que es primordial para la integraci\u00f3n social adecuada del ni\u00f1o. Por eso promueve y participa en&hellip;<\/p>","protected":false},"author":18,"featured_media":0,"parent":0,"menu_order":10,"comment_status":"closed","ping_status":"closed","template":"","meta":{"footnotes":""},"yoast_head":"<!-- This site is optimized with the Yoast SEO plugin v22.3 - https:\/\/yoast.com\/wordpress\/plugins\/seo\/ -->\n<title>Pol\u00edtica de protecci\u00f3n del menor \u2013 Fundaci\u00f3n Equipo Humano - Fundaci\u00f3n Equipo Humano<\/title>\n<meta name=\"robots\" content=\"index, follow, max-snippet:-1, max-image-preview:large, max-video-preview:-1\" \/>\n<link rel=\"canonical\" href=\"https:\/\/fundacionequipohumano.es\/en\/politica-de-proteccion-del-menor-fundacion-equipo-humano\/\" \/>\n<meta property=\"og:locale\" content=\"es_ES\" \/>\n<meta property=\"og:type\" content=\"article\" \/>\n<meta property=\"og:title\" content=\"Pol\u00edtica de protecci\u00f3n del menor \u2013 Fundaci\u00f3n Equipo Humano - Fundaci\u00f3n Equipo Humano\" \/>\n<meta property=\"og:description\" content=\"La Fundaci\u00f3n Equipo Humano es una entidad comprometida en el campo de la educaci\u00f3n, que es primordial para la integraci\u00f3n social adecuada del ni\u00f1o. Por eso promueve y participa en&hellip;\" \/>\n<meta property=\"og:url\" content=\"https:\/\/fundacionequipohumano.es\/en\/politica-de-proteccion-del-menor-fundacion-equipo-humano\/\" \/>\n<meta property=\"og:site_name\" content=\"Fundaci\u00f3n Equipo Humano\" \/>\n<meta property=\"article:publisher\" content=\"https:\/\/www.facebook.com\/fundacionEH\/\" \/>\n<meta name=\"twitter:card\" content=\"summary_large_image\" \/>\n<meta name=\"twitter:site\" content=\"@FEquipoHumano\" \/>\n<meta name=\"twitter:label1\" content=\"Estimated reading time\" \/>\n\t<meta name=\"twitter:data1\" content=\"3 minutos\" \/>\n<script type=\"application\/ld+json\" class=\"yoast-schema-graph\">{\"@context\":\"https:\/\/schema.org\",\"@graph\":[{\"@type\":\"WebPage\",\"@id\":\"https:\/\/fundacionequipohumano.es\/politica-de-proteccion-del-menor-fundacion-equipo-humano\/\",\"url\":\"https:\/\/fundacionequipohumano.es\/politica-de-proteccion-del-menor-fundacion-equipo-humano\/\",\"name\":\"Pol\u00edtica de protecci\u00f3n del menor \u2013 Fundaci\u00f3n Equipo Humano - Fundaci\u00f3n Equipo Humano\",\"isPartOf\":{\"@id\":\"https:\/\/fundacionequipohumano.es\/en\/#website\"},\"datePublished\":\"2016-05-24T14:16:23+00:00\",\"dateModified\":\"2016-05-24T14:16:23+00:00\",\"breadcrumb\":{\"@id\":\"https:\/\/fundacionequipohumano.es\/politica-de-proteccion-del-menor-fundacion-equipo-humano\/#breadcrumb\"},\"inLanguage\":\"es\",\"potentialAction\":[{\"@type\":\"ReadAction\",\"target\":[\"https:\/\/fundacionequipohumano.es\/politica-de-proteccion-del-menor-fundacion-equipo-humano\/\"]}]},{\"@type\":\"BreadcrumbList\",\"@id\":\"https:\/\/fundacionequipohumano.es\/politica-de-proteccion-del-menor-fundacion-equipo-humano\/#breadcrumb\",\"itemListElement\":[{\"@type\":\"ListItem\",\"position\":1,\"name\":\"Portada\",\"item\":\"https:\/\/fundacionequipohumano.es\/\"},{\"@type\":\"ListItem\",\"position\":2,\"name\":\"Pol\u00edtica de protecci\u00f3n del menor \u2013 Fundaci\u00f3n Equipo Humano\"}]},{\"@type\":\"WebSite\",\"@id\":\"https:\/\/fundacionequipohumano.es\/en\/#website\",\"url\":\"https:\/\/fundacionequipohumano.es\/en\/\",\"name\":\"Fundaci\u00f3n Equipo Humano\",\"description\":\"Impulsamos el desarrollo humano mediante innovaci\u00f3n, formaci\u00f3n de calidad y mejora de la empleabilidad. M\u00e1s de 10 a\u00f1os defendiendo el potencial de las personas.\",\"publisher\":{\"@id\":\"https:\/\/fundacionequipohumano.es\/en\/#organization\"},\"potentialAction\":[{\"@type\":\"SearchAction\",\"target\":{\"@type\":\"EntryPoint\",\"urlTemplate\":\"https:\/\/fundacionequipohumano.es\/en\/?s={search_term_string}\"},\"query-input\":\"required name=search_term_string\"}],\"inLanguage\":\"es\"},{\"@type\":\"Organization\",\"@id\":\"https:\/\/fundacionequipohumano.es\/en\/#organization\",\"name\":\"Fundaci\u00f3n Equipo Humano\",\"url\":\"https:\/\/fundacionequipohumano.es\/en\/\",\"logo\":{\"@type\":\"ImageObject\",\"inLanguage\":\"es\",\"@id\":\"https:\/\/fundacionequipohumano.es\/en\/#\/schema\/logo\/image\/\",\"url\":\"https:\/\/fundacionequipohumano.es\/wp-content\/uploads\/2020\/01\/FEH_logo-03-1.svg\",\"contentUrl\":\"https:\/\/fundacionequipohumano.es\/wp-content\/uploads\/2020\/01\/FEH_logo-03-1.svg\",\"width\":595,\"height\":81,\"caption\":\"Fundaci\u00f3n Equipo Humano\"},\"image\":{\"@id\":\"https:\/\/fundacionequipohumano.es\/en\/#\/schema\/logo\/image\/\"},\"sameAs\":[\"https:\/\/www.facebook.com\/fundacionEH\/\",\"https:\/\/twitter.com\/FEquipoHumano\",\"https:\/\/www.instagram.com\/fequipohumano\/\",\"https:\/\/www.linkedin.com\/company\/fundacion-equipo-humano\/\"]}]}<\/script>\n<!-- \/ Yoast SEO plugin. -->","yoast_head_json":{"title":"Pol\u00edtica de protecci\u00f3n del menor \u2013 Fundaci\u00f3n Equipo Humano - Fundaci\u00f3n Equipo Humano","robots":{"index":"index","follow":"follow","max-snippet":"max-snippet:-1","max-image-preview":"max-image-preview:large","max-video-preview":"max-video-preview:-1"},"canonical":"https:\/\/fundacionequipohumano.es\/en\/politica-de-proteccion-del-menor-fundacion-equipo-humano\/","og_locale":"es_ES","og_type":"article","og_title":"Pol\u00edtica de protecci\u00f3n del menor \u2013 Fundaci\u00f3n Equipo Humano - Fundaci\u00f3n Equipo Humano","og_description":"La Fundaci\u00f3n Equipo Humano es una entidad comprometida en el campo de la educaci\u00f3n, que es primordial para la integraci\u00f3n social adecuada del ni\u00f1o. Por eso promueve y participa en&hellip;","og_url":"https:\/\/fundacionequipohumano.es\/en\/politica-de-proteccion-del-menor-fundacion-equipo-humano\/","og_site_name":"Fundaci\u00f3n Equipo Humano","article_publisher":"https:\/\/www.facebook.com\/fundacionEH\/","twitter_card":"summary_large_image","twitter_site":"@FEquipoHumano","twitter_misc":{"Estimated reading time":"3 minutos"},"schema":{"@context":"https:\/\/schema.org","@graph":[{"@type":"WebPage","@id":"https:\/\/fundacionequipohumano.es\/politica-de-proteccion-del-menor-fundacion-equipo-humano\/","url":"https:\/\/fundacionequipohumano.es\/politica-de-proteccion-del-menor-fundacion-equipo-humano\/","name":"Pol\u00edtica de protecci\u00f3n del menor \u2013 Fundaci\u00f3n Equipo Humano - Fundaci\u00f3n Equipo Humano","isPartOf":{"@id":"https:\/\/fundacionequipohumano.es\/en\/#website"},"datePublished":"2016-05-24T14:16:23+00:00","dateModified":"2016-05-24T14:16:23+00:00","breadcrumb":{"@id":"https:\/\/fundacionequipohumano.es\/politica-de-proteccion-del-menor-fundacion-equipo-humano\/#breadcrumb"},"inLanguage":"es","potentialAction":[{"@type":"ReadAction","target":["https:\/\/fundacionequipohumano.es\/politica-de-proteccion-del-menor-fundacion-equipo-humano\/"]}]},{"@type":"BreadcrumbList","@id":"https:\/\/fundacionequipohumano.es\/politica-de-proteccion-del-menor-fundacion-equipo-humano\/#breadcrumb","itemListElement":[{"@type":"ListItem","position":1,"name":"Portada","item":"https:\/\/fundacionequipohumano.es\/"},{"@type":"ListItem","position":2,"name":"Pol\u00edtica de protecci\u00f3n del menor \u2013 Fundaci\u00f3n Equipo Humano"}]},{"@type":"WebSite","@id":"https:\/\/fundacionequipohumano.es\/en\/#website","url":"https:\/\/fundacionequipohumano.es\/en\/","name":"Fundaci\u00f3n Equipo Humano","description":"Impulsamos el desarrollo humano mediante innovaci\u00f3n, formaci\u00f3n de calidad y mejora de la empleabilidad. M\u00e1s de 10 a\u00f1os defendiendo el potencial de las personas.","publisher":{"@id":"https:\/\/fundacionequipohumano.es\/en\/#organization"},"potentialAction":[{"@type":"SearchAction","target":{"@type":"EntryPoint","urlTemplate":"https:\/\/fundacionequipohumano.es\/en\/?s={search_term_string}"},"query-input":"required name=search_term_string"}],"inLanguage":"es"},{"@type":"Organization","@id":"https:\/\/fundacionequipohumano.es\/en\/#organization","name":"Fundaci\u00f3n Equipo Humano","url":"https:\/\/fundacionequipohumano.es\/en\/","logo":{"@type":"ImageObject","inLanguage":"es","@id":"https:\/\/fundacionequipohumano.es\/en\/#\/schema\/logo\/image\/","url":"https:\/\/fundacionequipohumano.es\/wp-content\/uploads\/2020\/01\/FEH_logo-03-1.svg","contentUrl":"https:\/\/fundacionequipohumano.es\/wp-content\/uploads\/2020\/01\/FEH_logo-03-1.svg","width":595,"height":81,"caption":"Fundaci\u00f3n Equipo Humano"},"image":{"@id":"https:\/\/fundacionequipohumano.es\/en\/#\/schema\/logo\/image\/"},"sameAs":["https:\/\/www.facebook.com\/fundacionEH\/","https:\/\/twitter.com\/FEquipoHumano","https:\/\/www.instagram.com\/fequipohumano\/","https:\/\/www.linkedin.com\/company\/fundacion-equipo-humano\/"]}]}},"_links":{"self":[{"href":"https:\/\/fundacionequipohumano.es\/en\/wp-json\/wp\/v2\/pages\/12280"}],"collection":[{"href":"https:\/\/fundacionequipohumano.es\/en\/wp-json\/wp\/v2\/pages"}],"about":[{"href":"https:\/\/fundacionequipohumano.es\/en\/wp-json\/wp\/v2\/types\/page"}],"author":[{"embeddable":true,"href":"https:\/\/fundacionequipohumano.es\/en\/wp-json\/wp\/v2\/users\/18"}],"replies":[{"embeddable":true,"href":"https:\/\/fundacionequipohumano.es\/en\/wp-json\/wp\/v2\/comments?post=12280"}],"version-history":[{"count":0,"href":"https:\/\/fundacionequipohumano.es\/en\/wp-json\/wp\/v2\/pages\/12280\/revisions"}],"wp:attachment":[{"href":"https:\/\/fundacionequipohumano.es\/en\/wp-json\/wp\/v2\/media?parent=12280"}],"curies":[{"name":"wp","href":"https:\/\/api.w.org\/{rel}","templated":true}]}}

Política de protección del menor – Fundación Equipo Humano

<p style="font-size: 12.16px; line-height: 15.808px;">La Fundación Equipo Humano es una entidad comprometida en el campo de la educación, que es primordial para la integración social adecuada del niño. Por eso promueve y participa en iniciativas de fomento de la educación, a nivel local, regional y nacional, pero también mediante la participación en programas europeos de educación, como Erasmus +, en acuerdo con la estrategia Educación y Formación 2020 (ET2020). En este contexto, la Fundación Equipo Humano es susceptible de poner en marcha actividades en interacción con menores.</p>
<p style="font-size: 12.16px; line-height: 15.808px;">Cualquiera que participe en actividades de la Fundación Equipo Humano debe poder hacerlo de manera agradable y segura. La Fundación Equipo Humano tiene la obligación moral y legal de garantizar la calidad de este entorno, especialmente tratándose de gestionar un público de personas menores de edad.</p>
<p style="font-size: 12.16px; line-height: 15.808px;">La Fundación Equipo Humano se compromete en poner en marcha una política y actuaciones que permiten prevenir la seguridad de los niños, incluyendo seguir los procedimientos de protección del menor en cuanto a informar de cualquier inquietud sobre su bienestar a las autoridades competentes.</p>
<p style="font-size: 12.16px; line-height: 15.808px;">El objetivo de esta política es la promoción de buenas prácticas y garantizar la protección y seguridad de los menores mientras están bajo la responsabilidad de la fundación.</p>
<p style="font-size: 12.16px; line-height: 15.808px;">Existen muchos tipos de abusos y violencias en nuestro mundo, enumerados por organismos como las naciones unidas y UNICEF (como los abusos físicos, sexuales, emocionales, prácticas culturales que niegan los derechos de los niños o explotación laboral). FEH se referirá a varios textos para aplicar su política en respetos de los convenios y recomendaciones internacionales:</p>
<p style="font-size: 12.16px; line-height: 15.808px;">La Declaración de Derechos del Niño de las naciones unidas;</p>
<p style="font-size: 12.16px; line-height: 15.808px;">La Convención sobre los Derechos del Niño (CDN)&nbsp;</p>
<p style="font-size: 12.16px; line-height: 15.808px;">La Carta europea sobre los Derechos del Niño</p>
<p style="font-size: 12.16px; line-height: 15.808px;">La Ley Orgánica española de Protección Jurídica del Menor</p>
<p style="font-size: 12.16px; line-height: 15.808px;">También, las personas que forman el equipo de trabajo de la Fundación Equipo Humano se comprometen a:</p>
<ul style="font-size: 12.16px; line-height: 15.808px;">
<li>Tratar a todos los niños y las niñas con respecto y dignidad,</li>
<li>Escuchar a las niñas y los niños,</li>
<li>Ser informados y sensibles sobre la cuestión de los derechos de los menores</li>
<li>Aplicar las buenas prácticas en materia de protección del menor y no cometer ningún tipo de abuso sobre su persona.</li>
<li>Prevenir situaciones que puedan perjudicar al desarrollo personal del menor</li>
<li>Informar de cualquier sospecha de abuso del cual el menor podría ser victima</li>
<li>Ser cauteloso en el lenguaje verbal y no verbal empleado con los niños</li>
<li>Pedir permiso de un niño y de sus padres para tomar una fotografía o hacer una grabación</li>
<li>Detener cualquier interacción con un menor si este lo solicita o parece incomodo con la interacción</li>
<li>Tener una vigilancia particular en cuanto a los peligros potenciales de la nuevas tecnologías y la cybercriminalidad para los niños</li>
<li>Promover la participación y solidaridad social</li>
</ul>
<p style="font-size: 12.16px; line-height: 15.808px;">De la misma forma, se espera que cualquier individuo que participe a una actividad de la Fundación Equipo Humano en contacto con menores se someta a estos principios.&nbsp;</p>

<p>La Fundación Equipo Humano es una entidad comprometida en el campo de la educación, que es primordial para la integración social adecuada del niño. Por eso promueve y participa en&hellip;</p>

<!-- This site is optimized with the Yoast SEO plugin v22.3 - https://yoast.com/wordpress/plugins/seo/ -->
<title>Política de protección del menor – Fundación Equipo Humano - Fundación Equipo Humano</title>
<meta name="robots" content="index, follow, max-snippet:-1, max-image-preview:large, max-video-preview:-1" />
<link rel="canonical" href="https://fundacionequipohumano.es/en/politica-de-proteccion-del-menor-fundacion-equipo-humano/" />
<meta property="og:locale" content="es_ES" />
<meta property="og:type" content="article" />
<meta property="og:title" content="Política de protección del menor – Fundación Equipo Humano - Fundación Equipo Humano" />
<meta property="og:description" content="La Fundación Equipo Humano es una entidad comprometida en el campo de la educación, que es primordial para la integración social adecuada del niño. Por eso promueve y participa en&hellip;" />
<meta property="og:url" content="https://fundacionequipohumano.es/en/politica-de-proteccion-del-menor-fundacion-equipo-humano/" />
<meta property="og:site_name" content="Fundación Equipo Humano" />
<meta property="article:publisher" content="https://www.facebook.com/fundacionEH/" />
<meta name="twitter:card" content="summary_large_image" />
<meta name="twitter:site" content="@FEquipoHumano" />
<meta name="twitter:label1" content="Estimated reading time" />
	<meta name="twitter:data1" content="3 minutos" />
<script type="application/ld+json" class="yoast-schema-graph">{"@context":"https://schema.org","@graph":[{"@type":"WebPage","@id":"https://fundacionequipohumano.es/politica-de-proteccion-del-menor-fundacion-equipo-humano/","url":"https://fundacionequipohumano.es/politica-de-proteccion-del-menor-fundacion-equipo-humano/","name":"Política de protección del menor – Fundación Equipo Humano - Fundación Equipo Humano","isPartOf":{"@id":"https://fundacionequipohumano.es/en/#website"},"datePublished":"2016-05-24T14:16:23+00:00","dateModified":"2016-05-24T14:16:23+00:00","breadcrumb":{"@id":"https://fundacionequipohumano.es/politica-de-proteccion-del-menor-fundacion-equipo-humano/#breadcrumb"},"inLanguage":"es","potentialAction":[{"@type":"ReadAction","target":["https://fundacionequipohumano.es/politica-de-proteccion-del-menor-fundacion-equipo-humano/"]}]},{"@type":"BreadcrumbList","@id":"https://fundacionequipohumano.es/politica-de-proteccion-del-menor-fundacion-equipo-humano/#breadcrumb","itemListElement":[{"@type":"ListItem","position":1,"name":"Portada","item":"https://fundacionequipohumano.es/"},{"@type":"ListItem","position":2,"name":"Política de protección del menor – Fundación Equipo Humano"}]},{"@type":"WebSite","@id":"https://fundacionequipohumano.es/en/#website","url":"https://fundacionequipohumano.es/en/","name":"Fundación Equipo Humano","description":"Impulsamos el desarrollo humano mediante innovación, formación de calidad y mejora de la empleabilidad. Más de 10 años defendiendo el potencial de las personas.","publisher":{"@id":"https://fundacionequipohumano.es/en/#organization"},"potentialAction":[{"@type":"SearchAction","target":{"@type":"EntryPoint","urlTemplate":"https://fundacionequipohumano.es/en/?s={search_term_string}"},"query-input":"required name=search_term_string"}],"inLanguage":"es"},{"@type":"Organization","@id":"https://fundacionequipohumano.es/en/#organization","name":"Fundación Equipo Humano","url":"https://fundacionequipohumano.es/en/","logo":{"@type":"ImageObject","inLanguage":"es","@id":"https://fundacionequipohumano.es/en/#/schema/logo/image/","url":"https://fundacionequipohumano.es/wp-content/uploads/2020/01/FEH_logo-03-1.svg","contentUrl":"https://fundacionequipohumano.es/wp-content/uploads/2020/01/FEH_logo-03-1.svg","width":595,"height":81,"caption":"Fundación Equipo Humano"},"image":{"@id":"https://fundacionequipohumano.es/en/#/schema/logo/image/"},"sameAs":["https://www.facebook.com/fundacionEH/","https://twitter.com/FEquipoHumano","https://www.instagram.com/fequipohumano/","https://www.linkedin.com/company/fundacion-equipo-humano/"]}]}</script>
<!-- / Yoast SEO plugin. -->

Política de protección del menor – Fundación Equipo Humano - Fundación Equipo Humano

La Fundación Equipo Humano es una entidad comprometida en el campo de la educación, que es primordial para la integración social adecuada del niño. Por eso promueve y participa en&hellip;

Fundación Equipo Humano

Impulsamos el desarrollo humano mediante innovación, formación de calidad y mejora de la empleabilidad. Más de 10 años defendiendo el potencial de las personas.
